30201 (base 4) in base 6?
-105345
Convert 455 (base 15) to base 16.
3d4
-112 (base 5) to base 14
-24
-1425 (base 13) to base 16
-b58
What is -455 (base 12) in base 10?
-641
150125 (base 6) to base 15
438e
-222010001 (base 3) to base 14
-6d1a
Convert -266 (base 9) to base 7.
-435
683 (base 9) to base 12
3a9
What is -174cb (base 14) in base 2?
-1110010011011011
143 (base 12) to base 15
d0
Convert -252 (base 15) to base 2.
-1000001111
Convert 2527 (base 10) to base 3.
10110121
What is -20356 (base 7) in base 3?
-20211211
What is 112210002 (base 3) in base 7?
43262
34254 (base 6) to base 5
123413
-101100101011101 (base 2) to base 15
-6ba2
20371 (base 10) to base 6
234151
What is 16b91 (base 12) in base 2?
1000000000011101
What is 11030 (base 7) in base 3?
10210102
What is 1243300 (base 5) in base 8?
60371
Convert 144 (base 11) to base 6.
441
12210002 (base 3) to base 10
4214
Convert -120221 (base 3) to base 2.
-110101110
-3035 (base 10) to base 2
-101111011011
Convert -28879 (base 13) to base 6.
-1344314
Convert 224 (base 14) to base 12.
2b4
Convert 214320 (base 5) to base 11.
5672
-110110111000010 (base 2) to base 11
-1a124
1111110 (base 2) to base 7
240
Convert -221131 (base 4) to base 15.
-bbd
Convert 7052 (base 10) to base 7.
26363
Convert 369 (base 16) to base 2.
1101101001
Convert 3134 (base 5) to base 2.
110100011
-321 (base 8) to base 7
-416
399 (base 10) to base 13
249
What is 132211 (base 4) in base 7?
5464
What is -10332 (base 12) in base 11?
-14a29
Convert 624 (base 7) to base 10.
312
What is 135475 (base 8) in base 11?
33016
What is 4771 (base 8) in base 5?
40203
Convert 100212102 (base 3) to base 2.
1110000011001
Convert -8144 (base 15) to base 3.
-1101102201
What is 1555 (base 9) in base 6?
5252
What is -1143 (base 9) in base 12?
-5a9
-34620 (base 7) to base 12
-5183
What is -2122 (base 5) in base 9?
-348
What is 2607 (base 8) in base 14?
731
-431 (base 6) to base 16
-a3
-67a (base 11) to base 7
-2241
-20134 (base 5) to base 3
-1202221
Convert 296a (base 16) to base 13.
4a97
-131230 (base 4) to base 9
-2541
-16305 (base 10) to base 11
-11283
Convert 31312 (base 5) to base 8.
4042
Convert 1d80 (base 15) to base 9.
8723
What is -10211 (base 7) in base 8?
-4713
-2526 (base 9) to base 4
-131133
What is -142034 (base 5) in base 16?
-1706
Convert 2056 (base 7) to base 3.
222221
What is -25410 (base 6) in base 10?
-3822
Convert 2012002 (base 3) to base 7.
4436
Convert -54 (base 11) to base 9.
-65
-a11 (base 15) to base 6
-14254
-745 (base 11) to base 12
-628
Convert -1221245 (base 6) to base 14.
-19a33
What is 112 (base 13) in base 9?
224
11152 (base 7) to base 9
3784
1422 (base 15) to base 7
15362
Convert 10200211 (base 3) to base 8.
5207
4033 (base 5) to base 11
431
-13238 (base 12) to base 11
-187a6
17661 (base 9) to base 4
2332231
Convert 3443 (base 8) to base 10.
1827
-2311 (base 15) to base 6
-54241
-63662 (base 7) to base 10
-15773
Convert -20223 (base 6) to base 4.
-221313
Convert 861 (base 11) to base 3.
1102100
Convert -3a2 (base 14) to base 12.
-50a
What is 145 (base 11) in base 3?
20022
Convert 10020310 (base 4) to base 6.
210244
Convert -261c (base 15) to base 4.
-1332333
Convert -18e4 (base 16) to base 3.
-22202000
-1567b (base 13) to base 10
-40662
Convert -13501 (base 6) to base 5.
-32000
-11110100010 (base 2) to base 5
-30304
2433 (base 6) to base 16
255
267 (base 16) to base 12
433
-1105115 (base 6) to base 16
-d907
Convert -68ab (base 13) to base 15.
-4535
What is 110 (base 12) in base 9?
183
-53385 (base 9) to base 5
-2112222
What is -111000010000 (base 2) in base 7?
-13332
What is 102460 (base 8) in base 15?
a181
Convert 212 (base 13) to base 3.
111002
-123504 (base 7) to base 10
-22887
What is -101100011 (base 2) in base 5?
-2410
Convert -11003202 (base 4) to base 11.
-14614
31111 (base 7) to base 5
220403
-494b (base 16) to base 14
-6ba3
What is -4050 (base 14) in base 9?
-16133
213204 (base 5) to base 11
5540
Convert -1264 (base 9) to base 4.
-32311
Convert 12233010 (base 4) to base 12.
13b70
Convert 10001222 (base 3) to base 9.
3058
Convert -1bd6 (base 15) to base 2.
-1011110100011
21a (base 15) to base 11
3a2
2112012 (base 4) to base 9
14153
1a4 (base 14) to base 5
2330
Convert -a95 (base 14) to base 11.
-1631
-13a90 (base 11) to base 6
-232155
Convert 131 (base 15) to base 8.
417
What is 13322 (base 4) in base 16?
1fa
What is 64a (base 13) in base 4?
100310
What is -33300 (base 4) in base 3?
-1101100
1330034 (base 5) to base 4
12210032
What is 53b8 (base 15) in base 3?
220022102
What is -7a6 (base 14) in base 15?
-6b3
Convert -30440 (base 5) to base 12.
-11a3
What is -433 (base 6) in base 10?
-165
Convert 2145 (base 15) to base 2.
1101110000000
Convert 10010110011 (base 2) to base 5.
14303
-e4e (base 16) to base 10
-3662
What is 1872 (base 14) in base 16?
113c
Convert -80a8 (base 11) to base 12.
-6292
What is 4208 (base 14) in base 8?
26160
-10111010011010 (base 2) to base 3
-121100212
What is -11411 (base 7) in base 12?
-1858
Convert -19 (base 13) to base 12.
-1a
What is 18d7 (base 14) in base 2?
1000110010101
-3c5 (base 16) to base 3
-1022202
What is -2532 (base 7) in base 11?
-798
Convert -22b (base 15) to base 3.
-200012
-110020 (base 4) to base 3
-1202201
What is -23334 (base 5) in base 4?
-122313
What is 10001101100101 (base 2) in base 6?
105541
What is 370 (base 12) in base 15?
246
Convert 111000101100 (base 2) to base 7.
13402
Convert 100110010 (base 2) to base 7.
615
Convert -46 (base 11) to base 2.
-110010
What is 221222121 (base 3) in base 15?
592d
-1b19 (base 15) to base 3
-22001120
Convert 24718 (base 9) to base 15.
4dd2
What is 114 (base 6) in base 7?
64
-175 (base 11) to base 8
-313
-774 (base 11) to base 3
-1021101
-100010010110001 (base 2) to base 3
-220010022
1000010101111 (base 2) to base 4
1002233
Convert -1496 (base 11) to base 14.
-9b2
What is 41311 (base 6) in base 7?
22036
Convert 121310 (base 4) to base 5.
23102
6f (base 16) to base 7
216
What is 663 (base 9) in base 6?
2303
Convert -1212 (base 3) to base 5.
-200
What is 122100112 (base 3) in base 7?
51611
What is -11564 (base 8) in base 6?
-35020
335 (base 6) to base 3
11212
Convert 252 (base 16) to base 11.
4a0
3122 (base 6) to base 8
1272
What is -102466 (base 7) in base 9?
-26287
Convert 1001112111 (base 3) to base 8.
50503
What is -4722 (base 11) in base 16?
-1833
What is 20002020 (base 3) in base 9?
6066
Convert -38cd (base 14) to base 9.
-14620
Convert -107 (base 10) to base 11.
-98
Convert -11011 (base 4) to base 3.
-110001
What is 11632 (base 7) in base 3?
11012101
What is -fab (base 16) in base 11?
-3017
-30c6 (base 16) to base 2
-11000011000110
567d (base 16) to base 3
1010101001
What is 100010011111100 (base 2) in base 3?
220020002
41375 (base 9) to base 12
13958
Convert -1259 (base 10) to base 9.
-1648
Convert 4024 (base 8) to base 3.
2211121
Convert -1e (base 15) to base 11.
-27
Convert 36a (base 11) to base 8.
667
4317 (base 8) to base 4
203033
What is 4812 (base 11) in base 16?
18a1
What is 45d8 (base 14) in base 6?
132122
135 (base 16) to base 15
159
-13141 (base 5) to base 14
-54a
Convert -10122131 (base 4) to base 2.
-100011010011101
What is 326 (base 15) in base 9?
870
Convert -224 (base 8) to base 14.
-a8
What is 1922 (base 10) in base 8?
3602
What is -8852 (base 11) in base 15?
-36d3
What is -411233 (base 5) in base 11?
-a008
Convert 338 (base 13) to base 4.
20222
Convert 6570 (base 9) to base 15.
167c
Convert 24c (base 14) to base 15.
20a
137a (base 11) to base 8
3365
-116 (base 12) to base 14
-b8
-2133 (base 11) to base 10
-2819
65d (base 14) to base 6
5455
Convert 40a62 (base 12) to base 13.
2c59a
What is -43a (base 13) in base 2?
-1011010101
What is 1000010010111 (base 2) in base 5?
113442
Convert -2209 (base 10) to base 2.
-100010100001
-5135 (base 10) to base 14
-1c2b
What is 2000 (base 7) in base 13?
40a
45341 (base 6) to base 5
201042
Convert -1e2 (base 16) to base 7.
-1256
What is -10331011 (base 4) in base 5?
-1122133
Convert -1c6b (base 15) to base 14.
-2372
What is -458 (base 15) in base 7?
-2603
What is 1870 (base 9) in base 7?
4125
-2130 (base 6) to base 8
-746
What is -679 (base 11) in base 12?
-578
Convert -33343 (base 9) to base 6.
-250320
Convert -434 (base 7) to base 3.
-22012
Convert -402 (ba